the second derivative of -r**8/6720 - r**7/504 + r**6/720 + 7*r**5/120 - 4*r**4/3 + 21*r. Let p(j) be the third derivative of v(j). What is p(-5)?
2
Let a be (((-184)/10)/1)/(20/(-100)). Let d be 23/a*4/(-1). Let o(f) = -f**3 + f. What is o(d)?
0
Let j(p) be the third derivative of -p**5/3 + p**4/24 - p**3/6 + 7*p**2. Let d be j(-1). Let w = d + 19. Let u(v) = -2*v**2 - 3*v + 4. Give u(w).
-5
Let s(h) = -h**3 - 5*h**2 + 7*h + 4. Suppose -3*u = -4*j - 39, 0*j + 2 = 3*j + 4*u. Calculate s(j).
-2
Let h(p) = -p**2 - 10*p + 8. Suppose -2*n - 8 = -23*t + 19*t, 5*n - 2*t = -44. Give h(n).
8
Let c(m) be the second derivative of -m**5/20 + 3*m**4/4 + 2*m**3 - 7*m**2 - 1098*m. Let y be ((-2)/4)/(1/(-20)). Give c(y).
6
Let u(w) = w + 6. Suppose -33 = 4*a - 49. Suppose -a*s - 15 = -s. Calculate u(s).
1
Let l(i) = i**3 - i**2 + i. Let k(w) = 7*w**3 + w**2 + 13*w + 7. Let r(v) = k(v) - 6*l(v). Let j = -18 - -37. Suppose 2*g - 7 + j = 0. Give r(g).
1
Let t(n) = n + 12. Let a be 4*-3 - 0/(-40). Calculate t(a).
0
Let k(t) = -t**2 + 7*t - 7. Let f be 7*(4 - (-66)/(-21)). Calculate k(f).
-1
Suppose -16*r + 129 = -111. Suppose -26*b = -21*b + r. Let x(t) = t - 3. Give x(b).
-6
Let u(r) be the first derivative of -r**2 - 13*r + 1. Let p be u(-10). Let t(h) = p*h**2 - h**3 + 2*h + 2 - h**2 - 3. Determine t(6).
11
Let t(s) = 21*s**2 - 54*s - 42. Let j(d) = 3*d**2 - 8*d - 6. Let f(b) = -27*j(b) + 4*t(b). Calculate f(-2).
6
Let p(r) = 4*r + 21. Let c(x) = 3*x + 18. Let o(l) = -6*c(l) + 5*p(l). Calculate o(5).
7
Let g(q) = 1. Suppose -5*h + 16 = -j - 7, 3*h + 4*j = 0. Suppose 3*x - 2 = h*x. Let c(m) = -m + 5. Let z(l) = x*c(l) + 9*g(l). Give z(-4).
-9
Suppose -2*p + 10 = 3*p. Let j(b) = 3*b**p - 3*b**2 + 4 + 3*b - 10 + b**3 - 6*b**2. What is j(5)?
-16
Let a(y) = -3*y - 2. Suppose 0 = -t + 3*q + 24, 3*t + q = 5*q + 57. Let m be 5*(39/t + -2). Suppose l = 5 - m. Give a(l).
-8
Let x = -28 + 67. Let u = 32 - x. Let d be u/(-5) + (-4)/10. Let g(w) = w. Give g(d).
1
Let c(l) be the second derivative of -l**4/4 - l**3/6 + 18*l + 3. Give c(-3).
-24
Let b(v) be the second derivative of 5*v**3/6 - 13*v**2 + 61*v. Determine b(5).
-1
Let p(b) = 3*b**2. Let d(y) = -13*y**2 - y + 5. Let s(o) = -d(o) - 4*p(o). Determine s(-4).
7
Let a = -19 + 18. Let v(w) = -6*w**2 + 4*w + 5. Let i(x) = -x**2. Let l(k) = a*v(k) + 5*i(k). What is l(6)?
7
Let l(f) = -4 + 30*f**2 - 9*f + 10 + f - 21*f**2 - f**3. Determine l(8).
6
Let j(n) = -13*n**2 + 5*n - 1. Let u(g) = 13*g**2 - 4*g + 1. Let v(q) = -5*j(q) - 6*u(q). Determine v(-1).
-13
Suppose 2*f + 7*l - 2*l = 41, -3*l + 15 = 0. Let i(m) = f*m - 1 + 9 - 6*m. What is i(-6)?
-4
Let x(r) = -r - 7. Let z be x(-7). Suppose 3*s = z, 2*l - l - 4 = -2*s. Let y(k) = 2*k - l*k**2 - 47 - 4*k**3 + 44 + 3*k**3 + 2*k. Determine y(-5).
2
Let c(z) = 37*z + 3 + 35*z - 73*z. Suppose 1 = v, -2*n = -0*n + 4*v + 2. Determine c(n).
6
Let t(z) be the second derivative of -z**6/720 + 13*z**5/120 - 17*z**4/6 + 14*z. Let q(w) be the third derivative of t(w). What is q(7)?
6
Let q(h) = 4*h**2 - 7*h + 4. Let z(k) = -9*k**2 + 15*k - 12. Let i(a) = 7*q(a) + 3*z(a). Determine i(0).
-8
Let v(w) = 3 - 43*w + 11 + 42*w. What is v(10)?
4
Let z(v) = v**3 - 10*v**2 + 10*v - 5. Suppose -3*g + 26 = u, -g - 4*g + 5*u = -50. Determine z(g).
4
Suppose -15*a + 17*a - 10 = 0. Suppose 0 = a*r - 20 + 10. Let z(h) = h**3 + h**2 - h. Let f(b) = -3*b**3 + 3*b. Let k(n) = r*z(n) + f(n). What is k(-1)?
2
Suppose 0*x + 4*x + 28 = 0. Let o(k) be the second derivative of 1/6*k**3 + 6 - 1/2*k**2 - 4*k. Give o(x).
-8
Suppose 0 = 4*a - 16, 2*y + 20*a - 28 = 21*a. Let c(b) = b**2 - 18*b + 23. Calculate c(y).
-9
Let s = -8 + 12. Let o(u) = -u + 7. Let f(g) = -2*g**2 + 2*g + 2. Let t be f(2). Let n(h) = -h + 8. Let z(a) = t*n(a) + 3*o(a). Give z(s).
1
Suppose -d + t - 5*t + 10 = 0, -2*d = 2*t - 8. Let o = 0 + d. Suppose o*q + 3*q - 10 = 0. Let v(p) = -p**3 + 2*p**2 + p + 2. Give v(q).
4
Let i(q) = q**3 - 7*q**2 + 3*q - 6. Let x be (24/(-20))/(-1*2/10). What is i(x)?
-24
Let k(c) be the second derivative of -c**3/6 - c**2 - c. Let s be k(-1). Let t(b) = 2*b - 21*b**3 + 1 - b + 27*b**3. What is t(s)?
-6
Let s be (6 - -6)/1 + -4. Let i(b) = -b - 1. What is i(s)?
-9
Let q be 5/((-18)/(-12) + -2). Let a be q/6*60/(-50). Let w(s) be the first derivative of s**2 + 1. What is w(a)?
4
Let j(m) = 17*m**2 - 22*m - 6. Let a(n) = 20*n**2 - 20*n - 6. Let i(p) = 5*a(p) - 6*j(p). Give i(16).
6
Let x(z) be the second derivative of z**4/24 + 2*z**3/3 - 13*z**2/2 - 29*z. Let s(o) be the first derivative of x(o). Suppose 0 = 2*c + 1 + 11. Give s(c).
-2
Let m(u) = u - 1. Let p(b) = 2*b - 6. Let x(i) = i - 1. Let f be x(1). Suppose c - 1 = -f. Let j(q) = c*p(q) - 3*m(q). Calculate j(-3).
0
Let u(c) = 8*c + 418. Let l be u(-52). Let z(x) be the third derivative of 0 - 1/60*x**5 + 0*x + x**3 + 1/6*x**4 + 2*x**l. Give z(6).
-6
Let l(i) = -4 - i + 0 + 0*i. Suppose 6*b + 31 = -17. Let q be l(b). Let z(w) = -2*w + 2. What is z(q)?
-6
Let c(y) = -y**3 + 15*y**2 + 15*y + 22. Let z be 235/10 - 8 - (-3)/6. Determine c(z).
6
Suppose -8*b - 5 + 21 = 0. Let j(k) = 4*k + 4. Let s(v) = -5*v - 3. Let h(d) = b*j(d) + 3*s(d). Let y be (-2)/(-4)*6/(-3). Calculate h(y).
6
Suppose 6*b = -4*v + b + 13, 4*v = 4*b + 4. Let o(t) = -5 - t**2 - v*t + 4*t + 6. Determine o(2).
1
Let k(y) = -265*y**2 + y + 138*y**2 + 130*y**2 + 4 - y**3. Give k(3).
7
Let h = -31 - -51. Suppose -2*u + h = 44. Let r = -14 - u. Let k(m) = m**3 - m + 2. Calculate k(r).
-4
Let z(w) = -w**3 + 7*w**2 + 9*w - 4. Suppose -i = 5*u - 41, -7*u - 4*i = -3*u - 36. Determine z(u).
4
Let x(d) = d**2 - 16*d + 11. Let r(z) = 2*z**2 - 33*z + 23. Let b(i) = 4*r(i) - 9*x(i). Determine b(14).
-35
Let p = -67 - -76. Let z(j) = -j**2 + 11*j - 1. Calculate z(p).
17
Let u(r) = -r**3 - 4*r**2 - 2*r - 4. Suppose -2*p + 20 + 14 = 0. Let j = p + -15. Suppose -20 = -j*t + 7*t. Calculate u(t).
4
Let y(d) be the first derivative of -d**4/4 + d**3/3 - 2*d + 84. Give y(0).
-2
Let j(f) = -f + 2. Suppose 4*s + 2*l - 88 = 0, 107 = 5*s - l + 4. Suppose -11 = 5*b - s. What is j(b)?
0
Suppose 19*r = -0*r + 57. Let g(s) = s**3 - 4*s**2 + 4*s + 1. What is g(r)?
4
Let i(r) = -26*r + 5. Let m(y) = 22*y - 4. Let b(d) = 5*i(d) + 6*m(d). Give b(0).
1
Let g(c) = c - c - 3*c + 4*c. Suppose -36 = 249*l - 243*l. Determine g(l).
-6
Let o = -15 - -17. Let v(z) = -2*z - 5*z - 6 + z**2 - 3*z**o + z**2. Give v(-4).
6
Let k(o) = 2*o + 1. Let y be k(6). Let a(j) = -7*j + 10 - y + 22*j. Let n(l) = 5*l - 1. Let x(r) = -4*a(r) + 11*n(r). Determine x(-2).
11
Suppose 4*r + 19 = -3*l + 39, 5*l = -4*r + 20. Let n(d) = -7*d + 33. Calculate n(r).
-2
Let i be (20/4)/(75/60). Let b(u) be the third derivative of -u**6/120 + u**5/20 + 5*u**4/24 + u**3/3 - 3*u**2. Give b(i).
6
Let s be 3*((-14)/(-3))/((-2)/(-4)). Let i(d) = s*d - 36*d - 5 + d**2 - 2*d**2 - 2. Give i(-5).
8
Let m(h) = -9*h - h + 4*h - 3*h**2 + 2*h**2 - 4. Let c be m(-4). Suppose -2*l - c - 2 = 0. Let q(x) = -x**3 - 3*x**2 + 2*x + 1. Give q(l).
-5
Suppose 2*a + 19 = -3*f, 37*f - 5 = 32*f. Let v(l) = l**3 + 13*l**2 + 24*l + 25. Calculate v(a).
3
Let d(q) = -q**2 - 9*q - 1. Let v(a) = a**2 + 8*a + 1. Let o be -8*2/8*-2. Let g(p) = o*d(p) + 5*v(p). Let x be -5 - (-5)/(20/8). Calculate g(x).
-2
Let h be (-4)/(-12) + 22/6. Suppose 0 = -3*a - x + 8, -4*x + h = -3*a + a. Let z(m) = -2*m**3 + m**2 + 2*m - 3. Give z(a).
-11
Let q(a) = 2*a + 3. Let m = 7 + -28. Let d(y) = 2*y + 39. Let w be d(m). Determine q(w).
-3
Suppose 0 = 3*r + 1 + 2. Let j(k) be the second derivative of -6*k + 1/6*k**3 + 0 + 5/4*k**4 + 0*k**2. What is j(r)?
14
Let n be 25/((-2475)/(-22)) + 76/(-18). Let s(f) = -12*f. What is s(n)?
48
Let w(h) = 2*h - 4. Suppose -6*b + 4*b - 6 = 0, 5*y - b = 28. Determine w(y).
6
Let o(r) be the third derivative of 0*r**3 + 11/24*r**4 - 32*r**2 + 0 + 0*r. Determine o(1).
11
Let u(w) be the third derivative of w**6/360 + w**5/60 + 17*w**4/24 - 27*w**2. Let j(r) be the second derivative of u(r). Determine j(6).
14
Let l(c) = -8*c**3 - 6*c**2 + 7*c + 4. Let a(u) = 9*u**3 + 7*u**2 - 8*u - 5. Let f(x) = 5*a(x) + 6*l(x). Give f(-2).
15
Let s(k) = -8*k - 7 + 0 - k**3 + 15 + 8*k**2. Let m = 9 + -3. Suppose -g = -1 - m. Calculate s(g).
1
Let z(y) be the first derivative of 3/2*y**2 + 1/60*y*